3402?
1
What is the hundreds digit of 14091670?
6
What is the ten millions digit of 589380174?
8
What is the hundred thousands digit of 1024462690?
4
What is the ten millions digit of 300123262?
0
What is the hundreds digit of 196893887?
8
What is the ten thousands digit of 913271205?
7
What is the hundreds digit of 36056730?
7
What is the hundreds digit of 4183896668?
6
What is the thousands digit of 859718404?
8
What is the hundred thousands digit of 3594716735?
7
What is the units digit of 161293290?
0
What is the hundreds digit of 106301874?
8
What is the units digit of 2101365203?
3
What is the millions digit of 151402761?
1
What is the ten thousands digit of 103153027?
5
What is the ten millions digit of 77981458?
7
What is the ten thousands digit of 32933401?
3
What is the hundred thousands digit of 969624310?
6
What is the thousands digit of 2633965?
3
What is the hundred thousands digit of 95900202?
9
What is the units digit of 8729443?
3
What is the tens digit of 85245087?
8
What is the tens digit of 11309934?
3
What is the ten millions digit of 268210477?
6
What is the ten millions digit of 13084098?
1
What is the thousands digit of 23044775?
4
What is the units digit of 35814285?
5
What is the hundred millions digit of 394558334?
3
What is the ten thousands digit of 169796831?
9
What is the hundred millions digit of 426496404?
4
What is the tens digit of 111997815?
1
What is the billions digit of 1322467528?
1
What is the hundreds digit of 30062959?
9
What is the tens digit of 92324898?
9
What is the units digit of 53665995?
5
What is the millions digit of 1357081814?
7
What is the units digit of 1004086430?
0
What is the hundreds digit of 299910883?
8
What is the millions digit of 579168297?
9
What is the ten millions digit of 86884946?
8
What is the thousands digit of 140703645?
3
What is the units digit of 10730715?
5
What is the hundreds digit of 52358226?
2
What is the hundred thousands digit of 1201096102?
0
What is the hundred thousands digit of 189320054?
3
What is the hundred thousands digit of 173561445?
5
What is the ten thousands digit of 7103926?
0
What is the hundreds digit of 108742707?
7
What is the hundred thousands digit of 137681026?
6
What is the millions digit of 5698627464?
8
What is the hundreds digit of 93460003?
0
What is the ten millions digit of 80517220?
8
What is the ten millions digit of 232757075?
3
What is the hundred thousands digit of 17811018?
8
What is the ten thousands digit of 19408833?
0
What is the ten millions digit of 1763779476?
6
What is the ten millions digit of 153691577?
5
What is the millions digit of 231143633?
1
What is the hundred thousands digit of 47084098?
0
What is the hundred thousands digit of 67279143?
2
What is the ten thousands digit of 924124393?
2
What is the ten millions digit of 30475638?
3
What is the millions digit of 2516867214?
6
What is the millions digit of 224343090?
4
What is the hundred millions digit of 248602401?
2
What is the hundred thousands digit of 2770946855?
9
What is the millions digit of 249318557?
9
What is the units digit of 199961?
1
What is the thousands digit of 1202214688?
4
What is the ten thousands digit of 18718925?
1
What is the tens digit of 130939829?
2
What is the hundreds digit of 4195245327?
3
What is the tens digit of 393758532?
3
What is the ten millions digit of 103900715?
0
What is the hundreds digit of 90635901?
9
What is the millions digit of 48613903?
8
What is the thousands digit of 554089487?
9
What is the units digit of 331589278?
8
What is the units digit of 28086717?
7
What is the thousands digit of 302170864?
0
What is the units digit of 480045834?
4
What is the hundred millions digit of 158966493?
1
What is the tens digit of 3299004669?
6
What is the hundred millions digit of 896844670?
8
What is the tens digit of 281233712?
1
What is the units digit of 122927713?
3
What is the ten thousands digit of 152638785?
3
What is the ten millions digit of 1295184054?
9
What is the thousands digit of 224063999?
3
What is the tens digit of 292000680?
8
What is the hundred millions digit of 229350066?
2
What is the hundred millions digit of 1215887124?
2
What is the hundred thousands digit of 54763445?
7
What is the millions digit of 61598142?
1
What is the units digit of 50549074?
4
What is the millions digit of 186339823?
6
What is the units digit of 17710963?
3
What is the units digit of 208881090?
0
What is the ten thousands digit of 86089647?
8
What is the tens digit of 370443205?
0
What is the tens digit of 117452803?
0
What is the tens digit of 2851508142?
4
What is the units digit of 876289502?
2
What is the hundred millions digit of 288491666?
2
What is the ten millions digit of 539596388?
3
What is the units digit of 965497830?
0
What is the ten thousands digit of 781913026?
1
What is the millions digit of 211687892?
1
What is the thousands digit of 152885427?
5
What is the tens digit of 32689846?
4
What is the hundred thousands digit of 24940980?
9
What is the millions digit of 907184539?
7
What is the hundred millions digit of 479382951?
4
What is the hundred thousands digit of 557686029?
6
What is the ten millions digit of 441288067?
4
What is the hundreds digit of 992218772?
7
What is the units digit of 1700913935?
5
What is the tens digit of 60007324?
2
What is the millions digit of 64733756?
4
What is the hundred thousands digit of 1505235968?
2
What is the millions digit of 1954099949?
4
What is the tens digit of 2494886645?
4
What is the millions digit of 52442560?
2
What is the hundreds digit of 4597211742?
7
What is the ten thousands digit of 125356260?
5
What is the billions digit of 2519941712?
2
What is the millions digit of 3377318761?
7
What is the tens digit of 64659782?
8
What is the tens digit of 785587058?
5
What is the hundreds digit of 311562745?
7
What is the hundred millions digit of 1304174304?
3
What is the hundred thousands digit of 1845371189?
3
What is the units digit of 302888458?
8
What is the tens digit of 3357395157?
5
What is the hundreds digit of 5572189?
1
What is the billions digit of 3349821289?
3
What is the ten thousands digit of 1930988936?
8
What is the hundred millions digit of 309355061?
3
What is the units digit of 1254823928?
8
What is the hundred thousands digit of 109037824?
0
What is the hundreds digit of 376642968?
9
What is the hundred thousands digit of 68609304?
6
What is the hundred thousands digit of 59893477?
8
What is the hundreds digit of 149122969?
9
What is the millions digit of 15795044?
5
What is the millions digit of 119995752?
9
What is the millions digit of 17777699?
7
What is the tens digit of 6592083?
8
What is the units digit of 8787187?
7
What is the millions digit of 1861981879?
1
What is the ten thousands digit of 390572262?
7
What is the hundreds digit of 3778655790?
7
What is the hundred thousands digit of 4127609894?
6
What is the hundred millions digit of 5845361572?
8
What is the tens digit of 14752421?
2
What is the tens digit of 1058004639?
3
What is the hundred thousands digit of 192266390?
2
What is the thousands digit of 36760751?
0
What is the hundred thousands digit of 5877908?
8
What is the ten thousands digit of 862316066?
1
What is the hundred thousands digit of 61220972?
2
What is the ten thousands digit of 249198153?
9
What is the units digit of 843452157?
7
What is the thousands digit of 148354554?
4
What is the hundred millions digit of 1824375819?
8
What is the units digit of 14086664?
4
What is the millions digit of 27406060?
7
What is the billions digit of 1845202220?
1
What is the tens digit of 1909225730?
3
What is the hundred thousands digit of 66735596?
7
What is the tens digit of 226112164?
6
What is the thousands digit of 432968313?
8
What is the hundreds digit of 778778172?
1
What is the ten thousands digit of 581821698?
2
What is the thousands digit of 123820?
3
What is the ten millions digit of 479488656?
7
What is the units digit of 36516745?
5
What is the millions digit of 40311569?
0
What is the millions digit of 116672021?
6
What is the tens digit of 61964347?
4
What is the hundred millions digit of 959598880?
9
What is the tens digit of 664631173?
7
What is the millions digit of 545087915?
5
What is the hundred th